 is the remainder when 54775914 is divided by 103?
102
What is the remainder when 60703 is divided by 4351?
4140
What is the remainder when 490019 is divided by 6533?
44
What is the remainder when 3685293 is divided by 92?
49
What is the remainder when 350165 is divided by 190?
185
What is the remainder when 151697284 is divided by 365?
364
Calculate the remainder when 91434926 is divided by 7663.
10
Calculate the remainder when 4836383 is divided by 44.
35
What is the remainder when 15983480 is divided by 74?
72
Calculate the remainder when 8635793 is divided by 34.
31
Calculate the remainder when 32217265 is divided by 22.
3
Calculate the remainder when 1185373 is divided by 2099.
1537
Calculate the remainder when 149508 is divided by 370.
28
What is the remainder when 110926 is divided by 12322?
28
Calculate the remainder when 35068 is divided by 140.
68
What is the remainder when 76364657 is divided by 597?
596
What is the remainder when 15500793 is divided by 204?
57
Calculate the remainder when 93806013 is divided by 81.
75
What is the remainder when 1344334 is divided by 9020?
354
Calculate the remainder when 543800 is divided by 10066.
236
Calculate the remainder when 3027940 is divided by 42.
34
Calculate the remainder when 43024868 is divided by 14.
12
What is the remainder when 273204 is divided by 27285?
354
What is the remainder when 199835 is divided by 1381?
971
What is the remainder when 240386 is divided by 196?
90
Calculate the remainder when 8702901 is divided by 2659.
2653
Calculate the remainder when 1765116 is divided by 1765113.
3
What is the remainder when 53444 is divided by 777?
608
What is the remainder when 242071 is divided by 40295?
301
What is the remainder when 11248667 is divided by 624925?
17
What is the remainder when 18011618 is divided by 27?
26
Calculate the remainder when 21849 is divided by 4730.
2929
Calculate the remainder when 1716027 is divided by 2390.
7
Calculate the remainder when 3377282 is divided by 306984.
458
Calculate the remainder when 18565 is divided by 17119.
1446
What is the remainder when 73293 is divided by 2237?
1709
What is the remainder when 2038922 is divided by 567?
557
Calculate the remainder when 11127599 is divided by 12148.
31
What is the remainder when 332557 is divided by 332377?
180
Calculate the remainder when 20422790 is divided by 4084556.
10
Calculate the remainder when 232180666 is divided by 2612.
2598
What is the remainder when 22297936 is divided by 198?
166
What is the remainder when 399462 is divided by 5?
2
What is the remainder when 5034740 is divided by 63?
32
Calculate the remainder when 87209496 is divided by 70.
66
Calculate the remainder when 15095575 is divided by 997.
995
Calculate the remainder when 57341253 is divided by 23.
22
What is the remainder when 65527 is divided by 32692?
143
Calculate the remainder when 5511759 is divided by 72523.
11
What is the remainder when 14886071 is divided by 783477?
8
What is the remainder when 3511077 is divided by 12?
9
What is the remainder when 11569061 is divided by 11569021?
40
Calculate the remainder when 33651513 is divided by 12.
9
What is the remainder when 2423632 is divided by 298?
296
Calculate the remainder when 138208 is divided by 3455.
8
Calculate the remainder when 29239881 is divided by 386.
381
Calculate the remainder when 142580 is divided by 20356.
88
What is the remainder when 10470 is divided by 4803?
864
What is the remainder when 542620 is divided by 77515?
15
Calculate the remainder when 132666 is divided by 33053.
454
Calculate the remainder when 119071 is divided by 29762.
23
What is the remainder when 7419256 is divided by 33?
31
What is the remainder when 57348 is divided by 8190?
18
Calculate the remainder when 19909 is divided by 2504.
2381
Calculate the remainder when 30775793 is divided by 3584.
3569
Calculate the remainder when 25862 is divided by 961.
876
What is the remainder when 337532 is divided by 37501?
23
Calculate the remainder when 250598 is divided by 227.
217
Calculate the remainder when 37203490 is divided by 7231.
7226
What is the remainder when 7913712 is divided by 519?
0
Calculate the remainder when 8644 is divided by 1108.
888
What is the remainder when 227466 is divided by 11936?
682
What is the remainder when 838483 is divided by 502?
143
Calculate the remainder when 27329 is divided by 13530.
269
What is the remainder when 11265067 is divided by 405?
397
Calculate the remainder when 186860886 is divided by 393.
390
Calculate the remainder when 3621463 is divided by 85.
38
Calculate the remainder when 16294 is divided by 3102.
784
What is the remainder when 1269595 is divided by 36220?
1895
Calculate the remainder when 6492407 is divided by 526.
515
Calculate the remainder when 378429 is divided by 3570.
9
Calculate the remainder when 31666235 is divided by 134.
25
What is the remainder when 4620774 is divided by 11440?
10454
What is the remainder when 294461 is divided by 214?
211
What is the remainder when 922187 is divided by 1284?
275
Calculate the remainder when 153084944 is divided by 39.
38
Calculate the remainder when 52629488 is divided by 5372.
4
What is the remainder when 99158 is divided by 8160?
1238
What is the remainder when 468148479 is divided by 472?
471
What is the remainder when 3028855 is divided by 158?
153
Calculate the remainder when 1684335 is divided by 4644.
3207
Calculate the remainder when 1148712 is divided by 16648.
0
Calculate the remainder when 12334 is divided by 1492.
398
Calculate the remainder when 54170879 is divided by 47.
42
Calculate the remainder when 85518395 is divided by 333.
332
Calculate the remainder when 20458580 is divided by 43.
40
Calculate the remainder when 561084 is divided by 561068.
16
What is the remainder when 235575 is divided by 444?
255
What is the remainder when 713191 is divided by 1999?
1547
Calculate the remainder when 1728939 is divided by 108058.
11
What is the remainder when 2117892 is divided by 24065?
172
Calculate the remainder when 3621769 is divided by 889.
872
What is the remainder when 12634839 is divided by 742?
63
Calculate the remainder when 151012 is divided by 151008.
4
What is the remainder when 19180954 is divided by 28?
2
Calculate the remainder when 1336715 is divided by 65.
55
Calculate the remainder when 388702 is divided by 11778.
28
Calculate the remainder when 510218 is divided by 22.
16
Calculate the remainder when 1125022 is divided by 52.
2
What is the remainder when 3005579 is divided by 2393?
2364
Calculate the remainder when 75505 is divided by 3876.
1861
What is the remainder when 323073 is divided by 4249?
149
What is the remainder when 65968021 is divided by 37207?
10
Calculate the remainder when 267660 is divided by 325.
185
Calculate the remainder when 2691469 is divided by 784.
781
What is the remainder when 5396983 is divided by 10?
3
What is the remainder when 31381 is divided by 1500?
1381
What is the remainder when 397480 is divided by 1622?
90
Calculate the remainder when 63248 is divided by 73.
30
Calculate the remainder when 5245015 is divided by 2622503.
9
What is the remainder when 146989 is divided by 5130?
3349
What is the remainder when 4200134 is divided by 127?
117
What is the remainder when 88659740 is divided by 2607639?
14
Calculate the remainder when 1456808 is divided by 306.
248
Calculate the remainder when 167360 is divided by 83350.
660
Calculate the remainder when 8461376 is divided by 384606.
44
Calculate the remainder when 46800 is divided by 2567.
594
Calculate the remainder when 138948 is divided by 2915.
1943
What is the remainder when 218028 is divided by 21799?
38
Calculate the remainder when 317239 is divided by 39643.
95
Calculate the remainder when 77325 is divided by 18679.
2609
What is the remainder when 259057 is divided by 376?
369
What is the remainder when 4863990 is divided by 642?
198
What is the remainder when 690167 is divided by 690106?
61
What is the remainder when 3579130 is divided by 511299?
37
Calculate the remainder when 3328917 is divided by 531.
78
Calculate the remainder when 211441 is divided by 30199.
48
What is the remainder when 8476579 is divided by 21?
13
What is the remainder when 212058476 is divi